{"id":102,"date":"2012-03-07T22:05:04","date_gmt":"2012-03-07T21:05:04","guid":{"rendered":"https:\/\/www.cactus.de\/?page_id=102"},"modified":"2018-12-26T13:07:45","modified_gmt":"2018-12-26T12:07:45","slug":"it-security-compliance","status":"publish","type":"page","link":"https:\/\/www.cactus.de\/?page_id=102","title":{"rendered":"IT Security Compliance"},"content":{"rendered":"<p>Suchen Sie eine L\u00f6sung mit deren Hilfe Sie jederzeit einen \u00dcberblick \u00fcber das Sicherheitsniveau Ihrer gesamten IT-Landschaft haben?<\/p>\n<p>Folgende Plattformen k\u00f6nnen abgedeckt werden:<\/p>\n<ul>\n<li>Unix\/Linux (Solaris, AIX, HP-UX, Red Hat, debian)<\/li>\n<li>Windows (Server und Client)<\/li>\n<li>Datenbanken (Oracle, MSSQL, mysql, DB2, Informix)<\/li>\n<li>Webserver<\/li>\n<li>Netzwerkger\u00e4te (Switches, Router, Firewalls)<\/li>\n<li>SAP-Systeme (spezialisierte Produkte)<\/li>\n<\/ul>\n<p>Es k\u00f6nnen sowohl agentenbasierte wie auch agentenlose L\u00f6sungen zum Einsatz kommen, je nachdem, ob die Installation von zus\u00e4tzlicher Software auf den zu \u00dcberpr\u00fcfenden Systemen m\u00f6glich bzw. gewollt ist oder nicht.<\/p>\n<p>Wir beraten Sie gerne bei der Auswahl und Implementierung einer IT Security Compliance L\u00f6sung, die es Ihnen erlaubt jederzeit nachzuweisen, zu welchem Grad Ihre IT-Systeme die g\u00c3\u00a4ngigen Security-Standards wie PCI, Cobit, HIPAA, ISO 27002, SOX oder CIS Benchmarks erf\u00fcllen.<\/p>\n","protected":false},"excerpt":{"rendered":"<p>Suchen Sie eine L\u00f6sung mit deren Hilfe Sie jederzeit einen \u00dcberblick \u00fcber das Sicherheitsniveau Ihrer gesamten IT-Landschaft haben? Folgende Plattformen k\u00f6nnen abgedeckt werden: Unix\/Linux (Solaris, AIX, HP-UX, Red Hat, debian) Windows (Server und Client) Datenbanken (Oracle, MSSQL, mysql, DB2, Informix) Webserver Netzwerkger\u00e4te (Switches, Router, Firewalls) SAP-Systeme (spezialisierte Produkte) Es k\u00f6nnen sowohl agentenbasierte wie auch agentenlose [&hellip;]<\/p>\n","protected":false},"author":5,"featured_media":0,"parent":30,"menu_order":4,"comment_status":"closed","ping_status":"closed","template":"","meta":{"footnotes":""},"aioseo_notices":[],"_links":{"self":[{"href":"https:\/\/www.cactus.de\/index.php?rest_route=\/wp\/v2\/pages\/102"}],"collection":[{"href":"https:\/\/www.cactus.de\/index.php?rest_route=\/wp\/v2\/pages"}],"about":[{"href":"https:\/\/www.cactus.de\/index.php?rest_route=\/wp\/v2\/types\/page"}],"author":[{"embeddable":true,"href":"https:\/\/www.cactus.de\/index.php?rest_route=\/wp\/v2\/users\/5"}],"replies":[{"embeddable":true,"href":"https:\/\/www.cactus.de\/index.php?rest_route=%2Fwp%2Fv2%2Fcomments&post=102"}],"version-history":[{"count":2,"href":"https:\/\/www.cactus.de\/index.php?rest_route=\/wp\/v2\/pages\/102\/revisions"}],"predecessor-version":[{"id":1037,"href":"https:\/\/www.cactus.de\/index.php?rest_route=\/wp\/v2\/pages\/102\/revisions\/1037"}],"up":[{"embeddable":true,"href":"https:\/\/www.cactus.de\/index.php?rest_route=\/wp\/v2\/pages\/30"}],"wp:attachment":[{"href":"https:\/\/www.cactus.de\/index.php?rest_route=%2Fwp%2Fv2%2Fmedia&parent=102"}],"curies":[{"name":"wp","href":"https:\/\/api.w.org\/{rel}","templated":true}]}}