{"id":252,"date":"2012-03-09T12:13:58","date_gmt":"2012-03-09T11:13:58","guid":{"rendered":"https:\/\/www.cactus.de\/"},"modified":"2018-12-26T13:11:38","modified_gmt":"2018-12-26T12:11:38","slug":"cyber-ark-privileged-identity-management-pim","status":"publish","type":"page","link":"https:\/\/www.cactus.de\/?page_id=252","title":{"rendered":"Privileged Identity\/Access Management"},"content":{"rendered":"<p><strong>Wallix<\/strong><\/p>\n<p>Der Fokus der Wallix-L\u00f6sung <a href=\"http:\/\/www.wallix.com\/wallix-adminbastion-suite-privileged-access-management-solution\/\" target=\"_blank\" rel=\"noopener noreferrer\">AdminBastion<\/a> liegt auf der Protokollierung von administrativen Zugriffen \u00fcber ssh und RDP. Hierbei werden s\u00e4mtliche Aktionen eines \u00fcber den Bastion-Host angemeldeten Nutzers aufgezeichnet und k\u00f6nnen nachtr\u00f6glich ananysiert werden. Zus\u00c3\u00a4tzlich werden auch andere Funktionen wie Passwort-Management geboten. Es handelt sich um eine einfach einzurichtende und intuitiv nutzbare Privileged Access L\u00f6sung. Referenzkunde ist die franz\u00f6sische Firma Total mit<\/p>\n<p>&nbsp;<\/p>\n<p><strong>CyberArk<\/strong><\/p>\n<p>Das 1999 gegr\u00fcndete Unternehmen <a href=\"http:\/\/www.cyberark.com\/\" target=\"_blank\" rel=\"noopener noreferrer\">CyberArk<\/a> ist Marktf\u00fchrer im Bereich &#8222;Privileged Identity Management&#8220;. CyberArk entwickelt und vertreibt auf Basis der patentierten Vaulting-Technologie Software-L\u00f6sungen zur Sicherung von vertraulichen und geheimen Informationen wie zum Beispiel Forschungsergebnissen, Finanzdaten oder Passw\u00f6rtern von IT-Administratoren. Der Hauptsitz des Unternehmens befindet sich in Newton (Massachusetts, USA). In Deutschland ist CyberArk seit 2008 mit einer eigenen Niederlassung vertreten.<\/p>\n","protected":false},"excerpt":{"rendered":"<p>Wallix Der Fokus der Wallix-L\u00f6sung AdminBastion liegt auf der Protokollierung von administrativen Zugriffen \u00fcber ssh und RDP. Hierbei werden s\u00e4mtliche Aktionen eines \u00fcber den Bastion-Host angemeldeten Nutzers aufgezeichnet und k\u00f6nnen nachtr\u00f6glich ananysiert werden. Zus\u00c3\u00a4tzlich werden auch andere Funktionen wie Passwort-Management geboten. Es handelt sich um eine einfach einzurichtende und intuitiv nutzbare Privileged Access L\u00f6sung. Referenzkunde [&hellip;]<\/p>\n","protected":false},"author":5,"featured_media":0,"parent":114,"menu_order":0,"comment_status":"closed","ping_status":"closed","template":"","meta":{"footnotes":""},"aioseo_notices":[],"_links":{"self":[{"href":"https:\/\/www.cactus.de\/index.php?rest_route=\/wp\/v2\/pages\/252"}],"collection":[{"href":"https:\/\/www.cactus.de\/index.php?rest_route=\/wp\/v2\/pages"}],"about":[{"href":"https:\/\/www.cactus.de\/index.php?rest_route=\/wp\/v2\/types\/page"}],"author":[{"embeddable":true,"href":"https:\/\/www.cactus.de\/index.php?rest_route=\/wp\/v2\/users\/5"}],"replies":[{"embeddable":true,"href":"https:\/\/www.cactus.de\/index.php?rest_route=%2Fwp%2Fv2%2Fcomments&post=252"}],"version-history":[{"count":6,"href":"https:\/\/www.cactus.de\/index.php?rest_route=\/wp\/v2\/pages\/252\/revisions"}],"predecessor-version":[{"id":1043,"href":"https:\/\/www.cactus.de\/index.php?rest_route=\/wp\/v2\/pages\/252\/revisions\/1043"}],"up":[{"embeddable":true,"href":"https:\/\/www.cactus.de\/index.php?rest_route=\/wp\/v2\/pages\/114"}],"wp:attachment":[{"href":"https:\/\/www.cactus.de\/index.php?rest_route=%2Fwp%2Fv2%2Fmedia&parent=252"}],"curies":[{"name":"wp","href":"https:\/\/api.w.org\/{rel}","templated":true}]}}